{"id":1390,"date":"2018-05-24T18:15:24","date_gmt":"2018-05-24T18:15:24","guid":{"rendered":"https:\/\/www.martina-tegtmeier.de\/?page_id=1390"},"modified":"2018-05-25T07:19:16","modified_gmt":"2018-05-25T07:19:16","slug":"datenschutzerklaerung","status":"publish","type":"page","link":"https:\/\/www.martina-tegtmeier.de\/?page_id=1390","title":{"rendered":"Datenschutzerkl\u00e4rung"},"content":{"rendered":"<h2><\/h2>\n<p>Die Adresse meiner Website ist: https:\/\/www.martina-tegtmeier.de.<\/p>\n<h3><strong>Welche personenbezogenen Daten werden gesammelt<\/strong><\/h3>\n<h3><strong>Log-Daten<\/strong><br \/>\nDiese Website wird bei Strato gehostet. Strato teilte mir dazu mit: &#8222;Wenn Besucher Ihre Webseite aufrufen werden\u00a0Log-Daten von unseren Servern erfasst. Log-Daten enthalten die IP-Adresse des Ger\u00e4tes, mit dem Sie auf die Website oder einen Dienst zugreifen, die Art des Browsers, mit dem Sie zugreifen, die Webseite, die Sie zuvor besucht haben, Ihre Systemkonfiguration sowie Datum und Zeitangaben. Wir speichern IP-Adressen nur, soweit es zur Erbringung unserer Dienste erforderlich ist. Ansonsten werden die IP-Adressen gel\u00f6scht oder anonymisiert. Ihre IP-Adresse beim Besuch unserer Website und die IP-Adressen der Besucher Ihrer Webseiten speichern wir zur Erkennung und Abwehr von Angriffen maximal 7 Tage.&#8220;<\/h3>\n<p><strong>Da diese Website kein Kontaktformular und keine Kommentarfunktion enth\u00e4lt, werden von mir pers\u00f6nliche Daten meiner Homepage-Besucher weder gesammelt, noch gespeichert oder verarbeitet und auf keinen Fall an Dritte weitergegeben.<\/strong><\/p>\n<p><strong>Kontakt mit mir<\/strong><\/p>\n<p>Wenn Sie per E-Mail Kontakt mit mir aufnehmen, werden Ihre angegebenen Daten zwecks Bearbeitung der Anfrage und f\u00fcr den Fall von Anschlussfragen h\u00f6chstens sechs Monate gespeichert.<\/p>\n<h3><strong>Eingebettete Inhalte von anderen Websites<\/strong><\/h3>\n<p>Meine Website enth\u00e4lt links zu anderen Websites. Beitr\u00e4ge auf diesen Websites k\u00f6nnen eingebettete Inhalte beinhalten. Eingebettete Inhalte von anderen Websites verhalten sich exakt so, als ob der Besucher die andere Website besucht.<\/p>\n<p>Diese Websites k\u00f6nnen Daten \u00fcber Sie sammeln, Cookies benutzen, zus\u00e4tzliche Tracking-Dienste von Dritten einbetten und Ihre Interaktion mit diesem eingebetteten Inhalt aufzeichnen, inklusive Ihrer Interaktion mit dem eingebetteten Inhalt, falls Sie ein Konto haben und auf dieser Website angemeldet sind.<\/p>\n<p>\u00dcber den Umgang mit Ihren Daten informieren Sie sich bitte auf den entsprechenden Websites.<\/p>\n<p><strong>Datenl\u00f6schung und Speicherung<\/strong><\/p>\n<p>Ihre personenbezogenen Daten werden gel\u00f6scht, sobald der Zweck der Speicherung entf\u00e4llt. Eine l\u00e4ngere Speicherung kann dann erfolgen, wenn der L\u00f6schung eine gesetzliche Aufbewahrungsfrist entgegensteht. Eine Weitergabe an Dritte erfolgt nicht.<\/p>\n<p><strong>Rechtsgrundlage <\/strong><\/p>\n<p>Die Datenverarbeitung erfolgt auf Basis der gesetzlichen Bestimmungen und folgender Rechtsgrundlagen:<\/p>\n<ul>\n<li>Einwilligung<\/li>\n<li>Vertragserf\u00fcllung oder vorvertragliche Ma\u00dfnahmen<\/li>\n<li>rechtliche Verpflichtungen<\/li>\n<li>Zur Wahrung eines berechtigten Interesses. Die Interessen, Grundrechte und Grundfreiheiten der Betroffenen \u00fcberwiegen das erstgenannte Interesse nicht.<\/li>\n<\/ul>\n<p><strong>\u00a0<\/strong><strong>Ihre Rechte<\/strong><\/p>\n<p>Ihnen stehen grunds\u00e4tzlich die Rechte auf Auskunft, Berichtigung, L\u00f6schung, Einschr\u00e4nkung, Daten\u00fcbertragbarkeit, Widerruf und Widerspruch zu. Wenn Sie glauben, dass die Verarbeitung Ihrer Daten gegen das Datenschutzrecht verst\u00f6\u00dft oder Ihre datenschutzrechtlichen Anspr\u00fcche sonst in einer Weise verletzt worden sind, k\u00f6nnen Sie sich bei der Aufsichtsbeh\u00f6rde beschweren. In Mecklenburg-Vorpommern ist dies bei der Landes-Datenschutzbeauftragten m\u00f6glich:<\/p>\n<p>Der Landesbeauftragte f\u00fcr Datenschutz und Informationsfreiheit Mecklenburg-Vorpommern<br \/>\nWerderstra\u00dfe 74a<br \/>\n19055 Schwerin<br \/>\nE-Mail: <a href=\"mailto:info@datenschutz-mv.de\">info@datenschutz-mv.de<\/a><\/p>\n","protected":false},"excerpt":{"rendered":"<p>Die Adresse meiner Website ist: https:\/\/www.martina-tegtmeier.de. Welche personenbezogenen Daten werden gesammelt Log-Daten Diese Website wird bei Strato gehostet. Strato teilte mir dazu mit: &#8222;Wenn Besucher Ihre Webseite aufrufen werden\u00a0Log-Daten von unseren Servern erfasst. Log-Daten enthalten die IP-Adresse des Ger\u00e4tes, mit &hellip; <a href=\"https:\/\/www.martina-tegtmeier.de\/?page_id=1390\">Weiterlesen <span class=\"meta-nav\">&rarr;<\/span><\/a><\/p>\n","protected":false},"author":1,"featured_media":0,"parent":0,"menu_order":0,"comment_status":"closed","ping_status":"closed","template":"","meta":{"footnotes":""},"class_list":["post-1390","page","type-page","status-publish","hentry"],"_links":{"self":[{"href":"https:\/\/www.martina-tegtmeier.de\/index.php?rest_route=\/wp\/v2\/pages\/1390","targetHints":{"allow":["GET"]}}],"collection":[{"href":"https:\/\/www.martina-tegtmeier.de\/index.php?rest_route=\/wp\/v2\/pages"}],"about":[{"href":"https:\/\/www.martina-tegtmeier.de\/index.php?rest_route=\/wp\/v2\/types\/page"}],"author":[{"embeddable":true,"href":"https:\/\/www.martina-tegtmeier.de\/index.php?rest_route=\/wp\/v2\/users\/1"}],"replies":[{"embeddable":true,"href":"https:\/\/www.martina-tegtmeier.de\/index.php?rest_route=%2Fwp%2Fv2%2Fcomments&post=1390"}],"version-history":[{"count":4,"href":"https:\/\/www.martina-tegtmeier.de\/index.php?rest_route=\/wp\/v2\/pages\/1390\/revisions"}],"predecessor-version":[{"id":1397,"href":"https:\/\/www.martina-tegtmeier.de\/index.php?rest_route=\/wp\/v2\/pages\/1390\/revisions\/1397"}],"wp:attachment":[{"href":"https:\/\/www.martina-tegtmeier.de\/index.php?rest_route=%2Fwp%2Fv2%2Fmedia&parent=1390"}],"curies":[{"name":"wp","href":"https:\/\/api.w.org\/{rel}","templated":true}]}}

Datenschutzerklärung

<h2></h2>
<p>Die Adresse meiner Website ist: https://www.martina-tegtmeier.de.</p>
<h3><strong>Welche personenbezogenen Daten werden gesammelt</strong></h3>
<h3><strong>Log-Daten</strong><br />
Diese Website wird bei Strato gehostet. Strato teilte mir dazu mit: &#8222;Wenn Besucher Ihre Webseite aufrufen werden Log-Daten von unseren Servern erfasst. Log-Daten enthalten die IP-Adresse des Gerätes, mit dem Sie auf die Website oder einen Dienst zugreifen, die Art des Browsers, mit dem Sie zugreifen, die Webseite, die Sie zuvor besucht haben, Ihre Systemkonfiguration sowie Datum und Zeitangaben. Wir speichern IP-Adressen nur, soweit es zur Erbringung unserer Dienste erforderlich ist. Ansonsten werden die IP-Adressen gelöscht oder anonymisiert. Ihre IP-Adresse beim Besuch unserer Website und die IP-Adressen der Besucher Ihrer Webseiten speichern wir zur Erkennung und Abwehr von Angriffen maximal 7 Tage.&#8220;</h3>
<p><strong>Da diese Website kein Kontaktformular und keine Kommentarfunktion enthält, werden von mir persönliche Daten meiner Homepage-Besucher weder gesammelt, noch gespeichert oder verarbeitet und auf keinen Fall an Dritte weitergegeben.</strong></p>
<p><strong>Kontakt mit mir</strong></p>
<p>Wenn Sie per E-Mail Kontakt mit mir aufnehmen, werden Ihre angegebenen Daten zwecks Bearbeitung der Anfrage und für den Fall von Anschlussfragen höchstens sechs Monate gespeichert.</p>
<h3><strong>Eingebettete Inhalte von anderen Websites</strong></h3>
<p>Meine Website enthält links zu anderen Websites. Beiträge auf diesen Websites können eingebettete Inhalte beinhalten. Eingebettete Inhalte von anderen Websites verhalten sich exakt so, als ob der Besucher die andere Website besucht.</p>
<p>Diese Websites können Daten über Sie sammeln, Cookies benutzen, zusätzliche Tracking-Dienste von Dritten einbetten und Ihre Interaktion mit diesem eingebetteten Inhalt aufzeichnen, inklusive Ihrer Interaktion mit dem eingebetteten Inhalt, falls Sie ein Konto haben und auf dieser Website angemeldet sind.</p>
<p>Über den Umgang mit Ihren Daten informieren Sie sich bitte auf den entsprechenden Websites.</p>
<p><strong>Datenlöschung und Speicherung</strong></p>
<p>Ihre personenbezogenen Daten werden gelöscht, sobald der Zweck der Speicherung entfällt. Eine längere Speicherung kann dann erfolgen, wenn der Löschung eine gesetzliche Aufbewahrungsfrist entgegensteht. Eine Weitergabe an Dritte erfolgt nicht.</p>
<p><strong>Rechtsgrundlage </strong></p>
<p>Die Datenverarbeitung erfolgt auf Basis der gesetzlichen Bestimmungen und folgender Rechtsgrundlagen:</p>
<ul>
<li>Einwilligung</li>
<li>Vertragserfüllung oder vorvertragliche Maßnahmen</li>
<li>rechtliche Verpflichtungen</li>
<li>Zur Wahrung eines berechtigten Interesses. Die Interessen, Grundrechte und Grundfreiheiten der Betroffenen überwiegen das erstgenannte Interesse nicht.</li>
</ul>
<p><strong> </strong><strong>Ihre Rechte</strong></p>
<p>Ihnen stehen grundsätzlich die Rechte auf Auskunft, Berichtigung, Löschung, Einschränkung, Datenübertragbarkeit, Widerruf und Widerspruch zu. Wenn Sie glauben, dass die Verarbeitung Ihrer Daten gegen das Datenschutzrecht verstößt oder Ihre datenschutzrechtlichen Ansprüche sonst in einer Weise verletzt worden sind, können Sie sich bei der Aufsichtsbehörde beschweren. In Mecklenburg-Vorpommern ist dies bei der Landes-Datenschutzbeauftragten möglich:</p>
<p>Der Landesbeauftragte für Datenschutz und Informationsfreiheit Mecklenburg-Vorpommern<br />
Werderstraße 74a<br />
19055 Schwerin<br />
E-Mail: <a href="mailto:info@datenschutz-mv.de">info@datenschutz-mv.de</a></p>

<p>Die Adresse meiner Website ist: https://www.martina-tegtmeier.de. Welche personenbezogenen Daten werden gesammelt Log-Daten Diese Website wird bei Strato gehostet. Strato teilte mir dazu mit: &#8222;Wenn Besucher Ihre Webseite aufrufen werden Log-Daten von unseren Servern erfasst. Log-Daten enthalten die IP-Adresse des Gerätes, mit &hellip; <a href="https://www.martina-tegtmeier.de/?page_id=1390">Weiterlesen <span class="meta-nav">&rarr;</span></a></p>
