{"id":22,"date":"2010-12-26T18:42:41","date_gmt":"2010-12-26T18:42:41","guid":{"rendered":"https:\/\/www.martina-tegtmeier.de\/?page_id=22"},"modified":"2022-01-25T11:06:10","modified_gmt":"2022-01-25T11:06:10","slug":"impressum","status":"publish","type":"page","link":"https:\/\/www.martina-tegtmeier.de\/?page_id=22","title":{"rendered":"Impressum"},"content":{"rendered":"<p>Herausgeber:<\/p>\n<p>SPD-B\u00fcrgerb\u00fcro<br \/>\nWollbr\u00fcgger Stra\u00dfe 8<br \/>\n19205 Gadebusch<\/p>\n<p>Telefon: 03886 2110767<\/p>\n<p>E-Mail: <a href=\"mailto:wkb.martina.tegtmeier@t-online.de\">wkb.martina.tegtmeier@t-online.de<\/a><\/p>\n<p>Rechtshinweis:<\/p>\n<p>Wir pr\u00fcfen und aktualisieren die Informationen auf diesen Webseiten st\u00e4ndig. Trotz aller Sorgfalt k\u00f6nnen sich die Daten ver\u00e4ndert haben. Eine Haftung oder Garantie f\u00fcr die Aktualit\u00e4t, Richtigkeit und Vollst\u00e4ndigkeit der zur Verf\u00fcgung gestellten Informationen kann daher nicht \u00fcbernommen werden. Gleiches gilt auch f\u00fcr alle anderen Websites, auf die mittels Hyperlink verwiesen wird. Wir sind f\u00fcr den Inhalt der Websites, die aufgrund einer solchen Verbindung erreicht werden, nicht verantwortlich.<\/p>\n<p>Des Weiteren behalten wir uns das Recht vor, \u00c4nderungen oder Erg\u00e4nzungen der bereitgestellten Informationen vorzunehmen. Inhalt und Struktur der Website sind von uns urheberrechtlich gesch\u00fctzt.<\/p>\n<p>F\u00fcr Internetseiten Dritter, die auf die Seiten von Martina Tegtmeier durch Hyperlink verweisen, tragen die jeweiligen Anbieter die Verantwortung. Wir sind f\u00fcr den Inhalt solcher Seiten Dritter nicht verantwortlich. Des Weiteren kann die Web-Seite www.martina-tegtmeier.de ohne Wissen von uns mit anderen Web-Seites mittels Hyperlink angelinkt worden sein. Wir \u00fcbernehmen keine Verantwortung f\u00fcr Darstellungen, Inhalt oder irgendeine Verbindung Dritter.<br \/>\nAngabe gem\u00e4\u00df \u00a7 6 Anbieterkennzeichnung des TDG (Teledienstgesetz)<\/p>\n","protected":false},"excerpt":{"rendered":"<p>Herausgeber: SPD-B\u00fcrgerb\u00fcro Wollbr\u00fcgger Stra\u00dfe 8 19205 Gadebusch Telefon: 03886 2110767 E-Mail: wkb.martina.tegtmeier@t-online.de Rechtshinweis: Wir pr\u00fcfen und aktualisieren die Informationen auf diesen Webseiten st\u00e4ndig. Trotz aller Sorgfalt k\u00f6nnen sich die Daten ver\u00e4ndert haben. Eine Haftung oder Garantie f\u00fcr die Aktualit\u00e4t, Richtigkeit &hellip; <a href=\"https:\/\/www.martina-tegtmeier.de\/?page_id=22\">Weiterlesen <span class=\"meta-nav\">&rarr;<\/span><\/a><\/p>\n","protected":false},"author":1,"featured_media":0,"parent":0,"menu_order":0,"comment_status":"closed","ping_status":"open","template":"","meta":{"footnotes":""},"class_list":["post-22","page","type-page","status-publish","hentry"],"_links":{"self":[{"href":"https:\/\/www.martina-tegtmeier.de\/index.php?rest_route=\/wp\/v2\/pages\/22","targetHints":{"allow":["GET"]}}],"collection":[{"href":"https:\/\/www.martina-tegtmeier.de\/index.php?rest_route=\/wp\/v2\/pages"}],"about":[{"href":"https:\/\/www.martina-tegtmeier.de\/index.php?rest_route=\/wp\/v2\/types\/page"}],"author":[{"embeddable":true,"href":"https:\/\/www.martina-tegtmeier.de\/index.php?rest_route=\/wp\/v2\/users\/1"}],"replies":[{"embeddable":true,"href":"https:\/\/www.martina-tegtmeier.de\/index.php?rest_route=%2Fwp%2Fv2%2Fcomments&post=22"}],"version-history":[{"count":13,"href":"https:\/\/www.martina-tegtmeier.de\/index.php?rest_route=\/wp\/v2\/pages\/22\/revisions"}],"predecessor-version":[{"id":2069,"href":"https:\/\/www.martina-tegtmeier.de\/index.php?rest_route=\/wp\/v2\/pages\/22\/revisions\/2069"}],"wp:attachment":[{"href":"https:\/\/www.martina-tegtmeier.de\/index.php?rest_route=%2Fwp%2Fv2%2Fmedia&parent=22"}],"curies":[{"name":"wp","href":"https:\/\/api.w.org\/{rel}","templated":true}]}}